{"id":400,"date":"2012-05-15T15:05:11","date_gmt":"2012-05-15T15:05:11","guid":{"rendered":"http:\/\/wordpress.art-connect.de\/?page_id=400"},"modified":"2021-02-01T15:13:44","modified_gmt":"2021-02-01T15:13:44","slug":"grundig","status":"publish","type":"page","link":"https:\/\/www.emmerl.de\/blau\/diktiergeraete\/grundig","title":{"rendered":"Grundig Diktierger\u00e4te"},"content":{"rendered":"<div>\n<div>\n<h1>Wir reparieren Grundig Hand- und Tischdiktierger\u00e4te wie SH10, SH20, SH23, SH24, ST3210, ST3211 uvm.<\/h1>\n<p><a href=\"https:\/\/www.emmerl.de\/blau\/wp-content\/uploads\/2021\/02\/Grundig_Diktiergeraete.png\" rel=\"lightbox[400]\"><img loading=\"lazy\" decoding=\"async\" class=\"size-full wp-image-1333 alignnone\" src=\"https:\/\/www.emmerl.de\/blau\/wp-content\/uploads\/2021\/02\/Grundig_Diktiergeraete.png\" alt=\"\" width=\"704\" height=\"234\" srcset=\"https:\/\/www.emmerl.de\/blau\/wp-content\/uploads\/2021\/02\/Grundig_Diktiergeraete.png 704w, https:\/\/www.emmerl.de\/blau\/wp-content\/uploads\/2021\/02\/Grundig_Diktiergeraete-300x100.png 300w, https:\/\/www.emmerl.de\/blau\/wp-content\/uploads\/2021\/02\/Grundig_Diktiergeraete-600x199.png 600w, https:\/\/www.emmerl.de\/blau\/wp-content\/uploads\/2021\/02\/Grundig_Diktiergeraete-150x50.png 150w, https:\/\/www.emmerl.de\/blau\/wp-content\/uploads\/2021\/02\/Grundig_Diktiergeraete-250x83.png 250w\" sizes=\"(max-width: 704px) 100vw, 704px\" \/><\/a><\/p>\n<p>Wir reparieren Diktierger\u00e4te der Firma Grundig zu g\u00fcnstigen Pauschalpreisen.<\/p>\n<h2>Im Pauschalpreis sind folgende Kosten enthalten:<\/h2>\n<ul>\n<li>\n<h2><strong>Material<\/strong><\/h2>\n<\/li>\n<li>\n<h2><strong>Arbeitszeit<\/strong><\/h2>\n<\/li>\n<li>\n<h2><strong>Postr\u00fcckversand<\/strong><\/h2>\n<\/li>\n<li>\n<h2><strong>Fallsch\u00e4den usw.<\/strong><\/h2>\n<\/li>\n<li>\n<h2>(irreparable Ger\u00e4te ausgenommen)<\/h2>\n<\/li>\n<\/ul>\n<p>&nbsp;<\/p>\n<h3>So bleiben die Reparaturkosten f\u00fcr Sie stets \u00fcberschaubar und voraussagbar.<\/h3>\n<p>&nbsp;<\/p>\n<\/div>\n<p><a href=\"https:\/\/www.emmerl.de\/blau\/wp-content\/uploads\/2021\/02\/3-Tage-Postversand.png\" rel=\"lightbox[400]\"><img loading=\"lazy\" decoding=\"async\" class=\"alignleft size-full wp-image-1314\" src=\"https:\/\/www.emmerl.de\/blau\/wp-content\/uploads\/2021\/02\/3-Tage-Postversand.png\" alt=\"\" width=\"1024\" height=\"573\" srcset=\"https:\/\/www.emmerl.de\/blau\/wp-content\/uploads\/2021\/02\/3-Tage-Postversand.png 1024w, https:\/\/www.emmerl.de\/blau\/wp-content\/uploads\/2021\/02\/3-Tage-Postversand-300x168.png 300w, https:\/\/www.emmerl.de\/blau\/wp-content\/uploads\/2021\/02\/3-Tage-Postversand-600x336.png 600w, https:\/\/www.emmerl.de\/blau\/wp-content\/uploads\/2021\/02\/3-Tage-Postversand-150x84.png 150w, https:\/\/www.emmerl.de\/blau\/wp-content\/uploads\/2021\/02\/3-Tage-Postversand-768x430.png 768w, https:\/\/www.emmerl.de\/blau\/wp-content\/uploads\/2021\/02\/3-Tage-Postversand-250x140.png 250w\" sizes=\"(max-width: 1024px) 100vw, 1024px\" \/><\/a><\/p>\n<\/div>","protected":false},"excerpt":{"rendered":"<p>Wir reparieren Grundig Hand- und Tischdiktierger\u00e4te wie SH10, SH20, SH23, SH24, ST3210, ST3211 uvm. Wir reparieren Diktierger\u00e4te der Firma Grundig zu g\u00fcnstigen Pauschalpreisen. Im Pauschalpreis sind folgende Kosten enthalten: Material Arbeitszeit Postr\u00fcckversand Fallsch\u00e4den usw. (irreparable Ger\u00e4te ausgenommen) &nbsp; So bleiben &hellip; <a href=\"https:\/\/www.emmerl.de\/blau\/diktiergeraete\/grundig\">weiterlesen <span class=\"meta-nav\">&rarr;<\/span><\/a><\/p>\n","protected":false},"author":1,"featured_media":0,"parent":398,"menu_order":1,"comment_status":"open","ping_status":"open","template":"","meta":{"ngg_post_thumbnail":0,"footnotes":""},"_links":{"self":[{"href":"https:\/\/www.emmerl.de\/blau\/wp-json\/wp\/v2\/pages\/400"}],"collection":[{"href":"https:\/\/www.emmerl.de\/blau\/wp-json\/wp\/v2\/pages"}],"about":[{"href":"https:\/\/www.emmerl.de\/blau\/wp-json\/wp\/v2\/types\/page"}],"author":[{"embeddable":true,"href":"https:\/\/www.emmerl.de\/blau\/wp-json\/wp\/v2\/users\/1"}],"replies":[{"embeddable":true,"href":"https:\/\/www.emmerl.de\/blau\/wp-json\/wp\/v2\/comments?post=400"}],"version-history":[{"count":16,"href":"https:\/\/www.emmerl.de\/blau\/wp-json\/wp\/v2\/pages\/400\/revisions"}],"predecessor-version":[{"id":1335,"href":"https:\/\/www.emmerl.de\/blau\/wp-json\/wp\/v2\/pages\/400\/revisions\/1335"}],"up":[{"embeddable":true,"href":"https:\/\/www.emmerl.de\/blau\/wp-json\/wp\/v2\/pages\/398"}],"wp:attachment":[{"href":"https:\/\/www.emmerl.de\/blau\/wp-json\/wp\/v2\/media?parent=400"}],"curies":[{"name":"wp","href":"https:\/\/api.w.org\/{rel}","templated":true}]}}