{"id":14,"date":"2012-05-24T15:30:42","date_gmt":"2012-05-24T15:30:42","guid":{"rendered":"http:\/\/wordpress.art-connect.de\/bos\/?page_id=14"},"modified":"2016-07-20T08:37:05","modified_gmt":"2016-07-20T08:37:05","slug":"impressum","status":"publish","type":"page","link":"https:\/\/www.emmerl.de\/bos\/impressum","title":{"rendered":"Impressum"},"content":{"rendered":"<h3>Nachrichtentechnik EMMERL GmbH<br \/>\nGewerbestra\u00dfe 14<br \/>\n84570 Polling<\/h3>\n<p>Gesch\u00e4ftsf\u00fchrer: Werner Emmerl<br \/>\nVerantwortlich f\u00fcr den Inhalt der Website: Manfred Nu\u00dfbaumer<br \/>\nTelefon: (0 86 33) 89 82-20<br \/>\nFax: (0 86 33) 89 82-25<br \/>\nEmail: <a href=\"mailto:bos@emmerl.de\">bos@emmerl.de<\/a><\/p>\n<p>SteuerNr.: 141\/214\/70218<br \/>\nUSt.-IdNr.: DE 129264174<br \/>\nHandelsregister: 7680 AG Traunstein<\/p>\n<p><strong>Haftungshinweis:<\/strong><br \/>\nTrotz sorgf\u00e4ltiger inhaltlicher Kontrolle \u00fcbernehmen wir keine Haftung f\u00fcr die Inhalte externer Links.<br \/>\nF\u00fcr den Inhalt der verlinkten Seiten sind ausschlie\u00dflich deren Betreiber verantwortlich.<\/p>","protected":false},"excerpt":{"rendered":"<p>Nachrichtentechnik EMMERL GmbH Gewerbestra\u00dfe 14 84570 Polling Gesch\u00e4ftsf\u00fchrer: Werner Emmerl<a href=\"https:\/\/www.emmerl.de\/bos\/impressum\"> <strong>&#8230;<\/strong> <\/a><\/p>\n","protected":false},"author":1,"featured_media":0,"parent":0,"menu_order":10,"comment_status":"open","ping_status":"closed","template":"","meta":{"_acf_changed":false,"footnotes":""},"class_list":["post-14","page","type-page","status-publish","hentry"],"acf":[],"_links":{"self":[{"href":"https:\/\/www.emmerl.de\/bos\/wp-json\/wp\/v2\/pages\/14","targetHints":{"allow":["GET"]}}],"collection":[{"href":"https:\/\/www.emmerl.de\/bos\/wp-json\/wp\/v2\/pages"}],"about":[{"href":"https:\/\/www.emmerl.de\/bos\/wp-json\/wp\/v2\/types\/page"}],"author":[{"embeddable":true,"href":"https:\/\/www.emmerl.de\/bos\/wp-json\/wp\/v2\/users\/1"}],"replies":[{"embeddable":true,"href":"https:\/\/www.emmerl.de\/bos\/wp-json\/wp\/v2\/comments?post=14"}],"version-history":[{"count":10,"href":"https:\/\/www.emmerl.de\/bos\/wp-json\/wp\/v2\/pages\/14\/revisions"}],"predecessor-version":[{"id":848,"href":"https:\/\/www.emmerl.de\/bos\/wp-json\/wp\/v2\/pages\/14\/revisions\/848"}],"wp:attachment":[{"href":"https:\/\/www.emmerl.de\/bos\/wp-json\/wp\/v2\/media?parent=14"}],"curies":[{"name":"wp","href":"https:\/\/api.w.org\/{rel}","templated":true}]}}