{"id":28,"date":"2012-05-24T15:45:53","date_gmt":"2012-05-24T15:45:53","guid":{"rendered":"http:\/\/wordpress.art-connect.de\/bos\/?page_id=28"},"modified":"2024-03-13T13:14:57","modified_gmt":"2024-03-13T13:14:57","slug":"reparatur-von-analogen-meldeempfaengern","status":"publish","type":"page","link":"https:\/\/www.emmerl.de\/bos\/reparaturservice\/reparatur-von-analogen-meldeempfaengern","title":{"rendered":"Reparatur von analogen 5-Ton Meldeempf\u00e4ngern"},"content":{"rendered":"<p>[vc_row][vc_column][vc_column_text]Die Reparatur analoger Meldeempf\u00e4nger mit 5-Ton Alarmierung z\u00e4hlte von der ersten Stunde an zu unseren Aufgabenschwerpunkten. Seit 1979 hat sich an den Piepsern zwar einiges ge\u00e4ndert, nicht aber die gleichbleibend hohe Qualit\u00e4t unserer Melderreparaturen.<\/p>\n<p><strong>Diese analogen Melder reparieren wir:<\/strong>[\/vc_column_text][\/vc_column][\/vc_row][vc_row][vc_column width=&#8220;1\/2&#8243;][vc_column_text]<strong><a href=\"https:\/\/www.emmerl.de\/bos\/reparaturservice\/reparatur-von-analogen-meldeempfaengern\/squad-voice\">Swissphone s.QUAD Voice<\/a><\/strong>[\/vc_column_text][\/vc_column][vc_column width=&#8220;1\/2&#8243;][vc_gallery type=&#8220;image_grid&#8220; images=&#8220;2558&#8243;][\/vc_column][\/vc_row][vc_row][vc_column][vc_separator][\/vc_column][\/vc_row][vc_row][vc_column width=&#8220;1\/2&#8243;][vc_column_text]<a href=\"http:\/\/www.quattro96.de\"><strong>Swissphone Quattro 96<\/strong><br \/>\n<\/a><a href=\"https:\/\/www.emmerl.de\/bos\/quattros\/quattro96s\"><strong>Swissphone Quattro 96S<\/strong><br \/>\n<\/a><a href=\"http:\/\/www.quattro98.de\"><strong>Swissphone Quattro 98<\/strong><br \/>\n<\/a><a href=\"https:\/\/www.emmerl.de\/bos\/quattros\/quattro98s\"><strong>Swissphone Quattro 98S<\/strong><br \/>\n<\/a><a href=\"https:\/\/www.emmerl.de\/bos\/quattros\/quattrom\"><strong>Swissphone Quattro M<\/strong><br \/>\n<\/a><a href=\"http:\/\/www.quattroxl.de\"><strong>Swissphone Quattro XL<\/strong><br \/>\n<\/a><a href=\"https:\/\/www.emmerl.de\/bos\/quattros\/quattroxls\"><strong>Swissphone Quattro XLS<\/strong><br \/>\n<\/a><a href=\"https:\/\/www.emmerl.de\/bos\/quattros\/quattroxlplus\"><strong>Swissphone Quattro XL+<\/strong><br \/>\n<\/a><a href=\"https:\/\/www.emmerl.de\/bos\/quattros\/quattroxlsplus\"><strong>Swissphone Quattro XLS+<\/strong><br \/>\n<\/a><a href=\"http:\/\/www.quattromi.de\"><strong>Swissphone Quattro Mi<\/strong><br \/>\n<\/a><a href=\"http:\/\/www.quattroxli.de\"><strong>Swissphone Quattro XLi<\/strong><br \/>\n<\/a><a href=\"http:\/\/www.quattroxlsi.de\"><strong>Swissphone Quattro XLSi<\/strong><br \/>\n<\/a><a href=\"https:\/\/www.emmerl.de\/bos\/quattros\"><strong>\u00dcbersicht \u00fcber alle Quattros RE429 und RE629<\/strong><\/a>[\/vc_column_text][\/vc_column][vc_column width=&#8220;1\/2&#8243;][vc_gallery type=&#8220;image_grid&#8220; images=&#8220;465,466&#8243;][\/vc_column][\/vc_row][vc_row][vc_column][vc_separator][\/vc_column][\/vc_row][vc_row][vc_column width=&#8220;1\/2&#8243;][vc_column_text]<a href=\"https:\/\/www.emmerl.de\/bos\/reparaturservice\/reparatur-von-analogen-meldeempfaengern\/skyfire2\"><strong>Motorola Skyfire II<\/strong><\/a>[\/vc_column_text][\/vc_column][vc_column width=&#8220;1\/2&#8243;][vc_gallery type=&#8220;image_grid&#8220; images=&#8220;529&#8243;][\/vc_column][\/vc_row][vc_row][vc_column][vc_separator][\/vc_column][\/vc_row][vc_row][vc_column width=&#8220;1\/2&#8243;][vc_column_text]Motorola Skyfire 4S<br \/>\nBosch FME 88S[\/vc_column_text][\/vc_column][vc_column width=&#8220;1\/2&#8243;][vc_gallery type=&#8220;image_grid&#8220; images=&#8220;477,476&#8243;][\/vc_column][\/vc_row][vc_row][vc_column][vc_separator][\/vc_column][\/vc_row][vc_row][vc_column width=&#8220;1\/2&#8243;][vc_column_text]Swissphone JOKER<br \/>\nSwissphone MEMO<br \/>\nSwissphone RE329<br \/>\nBosch FME87<br \/>\nBosch FME87M[\/vc_column_text][\/vc_column][vc_column width=&#8220;1\/2&#8243;][vc_gallery type=&#8220;image_grid&#8220; images=&#8220;492,491&#8243;][\/vc_column][\/vc_row][vc_row][vc_column][vc_separator][\/vc_column][\/vc_row][vc_row][vc_column width=&#8220;1\/2&#8243;][vc_column_text]Motorola BMD[\/vc_column_text][\/vc_column][vc_column width=&#8220;1\/2&#8243;][vc_gallery type=&#8220;image_grid&#8220; images=&#8220;901&#8243;][\/vc_column][\/vc_row][vc_row][vc_column][vc_separator][\/vc_column][\/vc_row][vc_row][vc_column][vc_column_text]<a title=\"Reparaturformular f\u00fcr Meldeempf\u00e4nger\" href=\"http:\/\/www.emmerl.de\/Formulare\/Reparaturschein_Meldeempfaenger.pdf\">Reparaturschein f\u00fcr Meldeempf\u00e4nger<\/a><\/p>\n<p><a title=\"Reparaturpreisliste anfordern\" href=\"https:\/\/www.emmerl.de\/bos\/wir-ueber-uns\/kontakt\">Reparaturpreisliste anfordern<\/a><\/p>\n<p><a title=\"Kontaktadresse\" href=\"https:\/\/www.emmerl.de\/bos\/wir-ueber-uns\/kontakt\">Kontaktadresse<\/a>[\/vc_column_text][\/vc_column][\/vc_row]<\/p>","protected":false},"excerpt":{"rendered":"<p>[vc_row][vc_column][vc_column_text]Die Reparatur analoger Meldeempf\u00e4nger mit 5-Ton Alarmierung z\u00e4hlte von der<a href=\"https:\/\/www.emmerl.de\/bos\/reparaturservice\/reparatur-von-analogen-meldeempfaengern\"> <strong>&#8230;<\/strong> <\/a><\/p>\n","protected":false},"author":1,"featured_media":0,"parent":23,"menu_order":1,"comment_status":"open","ping_status":"closed","template":"","meta":{"_acf_changed":false,"footnotes":""},"class_list":["post-28","page","type-page","status-publish","hentry"],"acf":[],"_links":{"self":[{"href":"https:\/\/www.emmerl.de\/bos\/wp-json\/wp\/v2\/pages\/28","targetHints":{"allow":["GET"]}}],"collection":[{"href":"https:\/\/www.emmerl.de\/bos\/wp-json\/wp\/v2\/pages"}],"about":[{"href":"https:\/\/www.emmerl.de\/bos\/wp-json\/wp\/v2\/types\/page"}],"author":[{"embeddable":true,"href":"https:\/\/www.emmerl.de\/bos\/wp-json\/wp\/v2\/users\/1"}],"replies":[{"embeddable":true,"href":"https:\/\/www.emmerl.de\/bos\/wp-json\/wp\/v2\/comments?post=28"}],"version-history":[{"count":118,"href":"https:\/\/www.emmerl.de\/bos\/wp-json\/wp\/v2\/pages\/28\/revisions"}],"predecessor-version":[{"id":3072,"href":"https:\/\/www.emmerl.de\/bos\/wp-json\/wp\/v2\/pages\/28\/revisions\/3072"}],"up":[{"embeddable":true,"href":"https:\/\/www.emmerl.de\/bos\/wp-json\/wp\/v2\/pages\/23"}],"wp:attachment":[{"href":"https:\/\/www.emmerl.de\/bos\/wp-json\/wp\/v2\/media?parent=28"}],"curies":[{"name":"wp","href":"https:\/\/api.w.org\/{rel}","templated":true}]}}