{"id":43,"date":"2012-05-24T15:54:43","date_gmt":"2012-05-24T15:54:43","guid":{"rendered":"http:\/\/wordpress.art-connect.de\/bos\/?page_id=43"},"modified":"2024-02-08T14:24:42","modified_gmt":"2024-02-08T14:24:42","slug":"analoge-meldeempfaenger","status":"publish","type":"page","link":"https:\/\/www.emmerl.de\/bos\/meldeempfaenger\/analoge-meldeempfaenger","title":{"rendered":"Analoge Meldeempf\u00e4nger"},"content":{"rendered":"<p>[vc_row][vc_column][vc_column_text]<\/p>\n<h2>Folgende neue analoge 5-Ton Meldeempf\u00e4nger im 4m-BOS-Oberband k\u00f6nnen wir Ihnen anbieten:<\/h2>\n<p>[\/vc_column_text][\/vc_column][\/vc_row][vc_row][vc_column width=&#8220;1\/2&#8243;][vc_column_text]<\/p>\n<h3><a href=\"https:\/\/www.emmerl.de\/bos\/reparaturservice\/reparatur-von-analogen-meldeempfaengern\/squad-voice\"><span style=\"color: #ff0000;\">Swissphone s.QUAD Voice<\/span><\/a><\/h3>\n<ul>\n<li>Schleifen (5-Ton Rufnummern): 64<\/li>\n<li>Rufnummernanzeige: 5-stellig mit Adressnamen<\/li>\n<li>Mith\u00f6rfunktion: ja<\/li>\n<li>Vibrationsalarm: ja<\/li>\n<li>Sprachspeicher: 16 Minuten<\/li>\n<li>Display: vollgraphisch, drehbar, beleuchtet<\/li>\n<li>Lautst\u00e4rkestufen: 4<\/li>\n<\/ul>\n<p>[\/vc_column_text][\/vc_column][vc_column width=&#8220;1\/2&#8243;]<div class=\"avt_masterslider_el \" >\n\t\t<!-- MasterSlider -->\n\t\t<div id=\"P_MS69e0c70c93405\" class=\"master-slider-parent ms-parent-id-32\" style=\"max-width:250px;\" >\n\n\t\t\t\n\t\t\t<!-- MasterSlider Main -->\n\t\t\t<div id=\"MS69e0c70c93405\" class=\"master-slider ms-skin-default\" >\n\t\t\t\t \t\t\t\t \n\t\t\t<div  class=\"ms-slide\" data-delay=\"5\" data-fill-mode=\"fill\"   >\n\t\t\t\t\t<img decoding=\"async\" src=\"https:\/\/www.emmerl.de\/bos\/wp-content\/plugins\/masterslider\/public\/assets\/css\/blank.gif\" alt=\"\" title=\"s.QUAD Voice 1\" data-src=\"https:\/\/www.emmerl.de\/bos\/wp-content\/uploads\/2016\/10\/s.QUAD-Voice-1.jpg\" \/>\n\n\n\t\t\t\t<\/div>\n\t\t\t<div  class=\"ms-slide\" data-delay=\"5\" data-fill-mode=\"fill\"   >\n\t\t\t\t\t<img decoding=\"async\" src=\"https:\/\/www.emmerl.de\/bos\/wp-content\/plugins\/masterslider\/public\/assets\/css\/blank.gif\" alt=\"\" title=\"s.QUAD Voice 2\" data-src=\"https:\/\/www.emmerl.de\/bos\/wp-content\/uploads\/2016\/10\/s.QUAD-Voice-2.jpg\" \/>\n\n\n\t\t\t\t<\/div>\n\t\t\t<div  class=\"ms-slide\" data-delay=\"5\" data-fill-mode=\"fill\"   >\n\t\t\t\t\t<img decoding=\"async\" src=\"https:\/\/www.emmerl.de\/bos\/wp-content\/plugins\/masterslider\/public\/assets\/css\/blank.gif\" alt=\"\" title=\"s.QUAD Voice 3\" data-src=\"https:\/\/www.emmerl.de\/bos\/wp-content\/uploads\/2016\/10\/s.QUAD-Voice-3.jpg\" \/>\n\n\n\t\t\t\t<\/div>\n\t\t\t<div  class=\"ms-slide\" data-delay=\"5\" data-fill-mode=\"fill\"   >\n\t\t\t\t\t<img decoding=\"async\" src=\"https:\/\/www.emmerl.de\/bos\/wp-content\/plugins\/masterslider\/public\/assets\/css\/blank.gif\" alt=\"\" title=\"s.QUAD Voice 4\" data-src=\"https:\/\/www.emmerl.de\/bos\/wp-content\/uploads\/2016\/10\/s.QUAD-Voice-4.jpg\" \/>\n\n\n\t\t\t\t<\/div>\n\t\t\t<div  class=\"ms-slide\" data-delay=\"5\" data-fill-mode=\"fill\"   >\n\t\t\t\t\t<img decoding=\"async\" src=\"https:\/\/www.emmerl.de\/bos\/wp-content\/plugins\/masterslider\/public\/assets\/css\/blank.gif\" alt=\"\" title=\"s.QUAD Voice 5\" data-src=\"https:\/\/www.emmerl.de\/bos\/wp-content\/uploads\/2016\/10\/s.QUAD-Voice-5.jpg\" \/>\n\n\n\t\t\t\t<\/div>\n\t\t\t<div  class=\"ms-slide\" data-delay=\"5\" data-fill-mode=\"fill\"   >\n\t\t\t\t\t<img decoding=\"async\" src=\"https:\/\/www.emmerl.de\/bos\/wp-content\/plugins\/masterslider\/public\/assets\/css\/blank.gif\" alt=\"\" title=\"s.QUAD Voice 6\" data-src=\"https:\/\/www.emmerl.de\/bos\/wp-content\/uploads\/2016\/10\/s.QUAD-Voice-6.jpg\" \/>\n\n\n\t\t\t\t<\/div>\n\n\t\t\t<\/div>\n\t\t\t<!-- END MasterSlider Main -->\n\n\t\t\t \n\t\t<\/div>\n\t\t<!-- END MasterSlider -->\n\n\t\t<script>\n\t\t( window.MSReady = window.MSReady || [] ).push( function( $ ) {\n\n\t\t\t\"use strict\";\n\t\t\tvar masterslider_3405 = new MasterSlider();\n\n\t\t\t\/\/ slider controls\n\t\t\tmasterslider_3405.control('arrows'     ,{ autohide:true, overVideo:true  });\n\t\t\t\/\/ slider setup\n\t\t\tmasterslider_3405.setup(\"MS69e0c70c93405\", {\n\t\t\t\twidth           : 250,\n\t\t\t\theight          : 300,\n\t\t\t\tminHeight       : 0,\n\t\t\t\tspace           : 0,\n\t\t\t\tstart           : 1,\n\t\t\t\tgrabCursor      : true,\n\t\t\t\tswipe           : true,\n\t\t\t\tmouse           : false,\n\t\t\t\tkeyboard        : false,\n\t\t\t\tlayout          : \"boxed\",\n\t\t\t\twheel           : false,\n\t\t\t\tautoplay        : true,\n                instantStartLayers:false,\n\t\t\t\tmobileBGVideo:false,\n\t\t\t\tloop            : true,\n\t\t\t\tshuffle         : false,\n\t\t\t\tpreload         : 0,\n\t\t\t\theightLimit     : true,\n\t\t\t\tautoHeight      : true,\n\t\t\t\tsmoothHeight    : true,\n\t\t\t\tendPause        : false,\n\t\t\t\toverPause       : true,\n\t\t\t\tfillMode        : \"fill\",\n\t\t\t\tcenterControls  : true,\n\t\t\t\tstartOnAppear   : false,\n\t\t\t\tlayersMode      : \"center\",\n\t\t\t\tautofillTarget  : \"\",\n\t\t\t\thideLayers      : false,\n\t\t\t\tfullscreenMargin: 0,\n\t\t\t\tspeed           : 20,\n\t\t\t\tdir             : \"h\",\n\t\t\t\tresponsive      : true,\n\t\t\t\ttabletWidth     : 768,\n\t\t\t\ttabletHeight    : null,\n\t\t\t\tphoneWidth      : 480,\n\t\t\t\tphoneHeight    : null,\n\t\t\t\tsizingReference : window,\n\t\t\t\tparallaxMode    : 'swipe',\n\t\t\t\tview            : \"basic\"\n\t\t\t});\n\n\t\t\t\n\t\t\twindow.masterslider_instances = window.masterslider_instances || [];\n\t\t\twindow.masterslider_instances.push( masterslider_3405 );\n\t\t});\n\t\t<\/script>\n\n<\/div>[\/vc_column][\/vc_row][vc_row][vc_column][vc_column_text]<\/p>\n<h3><\/h3>\n<h3>Sollten Sie Interesse an gebrauchten Meldern haben, so sehen Sie doch mal in unserem <a title=\"Shop\" href=\"http:\/\/www.emmerl.de\/shop\" target=\"_blank\" rel=\"noopener\">Webshop<\/a> nach. Hier finden Sie &#8211; stets aktuell &#8211; alle lieferbaren Gebrauchtger\u00e4te.<\/h3>\n<p>&nbsp;<\/p>\n<p>Falls Sie ein individuelles Angebot w\u00fcnschen, geben Sie bitte die ben\u00f6tigte St\u00fcckzahl der Meldeempf\u00e4nger an. Hier geht\u00b4s zum <a title=\"Kontakt\" href=\"https:\/\/www.emmerl.de\/bos\/wir-ueber-uns\/kontakt\">Kontaktformular<\/a>.[\/vc_column_text][\/vc_column][\/vc_row]<\/p>","protected":false},"excerpt":{"rendered":"<p>[vc_row][vc_column][vc_column_text] Folgende neue analoge 5-Ton Meldeempf\u00e4nger im 4m-BOS-Oberband k\u00f6nnen wir<a href=\"https:\/\/www.emmerl.de\/bos\/meldeempfaenger\/analoge-meldeempfaenger\"> <strong>&#8230;<\/strong> <\/a><\/p>\n","protected":false},"author":1,"featured_media":2550,"parent":41,"menu_order":1,"comment_status":"open","ping_status":"closed","template":"","meta":{"_acf_changed":false,"footnotes":""},"class_list":["post-43","page","type-page","status-publish","has-post-thumbnail","hentry"],"acf":[],"_links":{"self":[{"href":"https:\/\/www.emmerl.de\/bos\/wp-json\/wp\/v2\/pages\/43","targetHints":{"allow":["GET"]}}],"collection":[{"href":"https:\/\/www.emmerl.de\/bos\/wp-json\/wp\/v2\/pages"}],"about":[{"href":"https:\/\/www.emmerl.de\/bos\/wp-json\/wp\/v2\/types\/page"}],"author":[{"embeddable":true,"href":"https:\/\/www.emmerl.de\/bos\/wp-json\/wp\/v2\/users\/1"}],"replies":[{"embeddable":true,"href":"https:\/\/www.emmerl.de\/bos\/wp-json\/wp\/v2\/comments?post=43"}],"version-history":[{"count":50,"href":"https:\/\/www.emmerl.de\/bos\/wp-json\/wp\/v2\/pages\/43\/revisions"}],"predecessor-version":[{"id":3034,"href":"https:\/\/www.emmerl.de\/bos\/wp-json\/wp\/v2\/pages\/43\/revisions\/3034"}],"up":[{"embeddable":true,"href":"https:\/\/www.emmerl.de\/bos\/wp-json\/wp\/v2\/pages\/41"}],"wp:featuredmedia":[{"embeddable":true,"href":"https:\/\/www.emmerl.de\/bos\/wp-json\/wp\/v2\/media\/2550"}],"wp:attachment":[{"href":"https:\/\/www.emmerl.de\/bos\/wp-json\/wp\/v2\/media?parent=43"}],"curies":[{"name":"wp","href":"https:\/\/api.w.org\/{rel}","templated":true}]}}