{"id":57,"date":"2012-05-24T15:56:35","date_gmt":"2012-05-24T15:56:35","guid":{"rendered":"http:\/\/wordpress.art-connect.de\/bos\/?page_id=57"},"modified":"2023-06-29T10:48:57","modified_gmt":"2023-06-29T10:48:57","slug":"alarmzusatz","status":"publish","type":"page","link":"https:\/\/www.emmerl.de\/bos\/eigenentwicklungen\/alarmzusatz","title":{"rendered":"Alarmzusatz AZ-10"},"content":{"rendered":"<p><a href=\"https:\/\/www.emmerl.de\/bos\/wp-content\/uploads\/2023\/06\/AZ-10-23-05.jpg\" data-rel=\"lightbox-image-0\" data-rl_title=\"\" data-rl_caption=\"\" title=\"\"><img loading=\"lazy\" decoding=\"async\" class=\"alignright wp-image-2931 size-medium\" src=\"https:\/\/www.emmerl.de\/bos\/wp-content\/uploads\/2023\/06\/AZ-10-23-05-300x252.jpg\" alt=\"\" width=\"300\" height=\"252\" srcset=\"https:\/\/www.emmerl.de\/bos\/wp-content\/uploads\/2023\/06\/AZ-10-23-05-300x252.jpg 300w, https:\/\/www.emmerl.de\/bos\/wp-content\/uploads\/2023\/06\/AZ-10-23-05-1024x859.jpg 1024w, https:\/\/www.emmerl.de\/bos\/wp-content\/uploads\/2023\/06\/AZ-10-23-05-150x126.jpg 150w, https:\/\/www.emmerl.de\/bos\/wp-content\/uploads\/2023\/06\/AZ-10-23-05-768x644.jpg 768w, https:\/\/www.emmerl.de\/bos\/wp-content\/uploads\/2023\/06\/AZ-10-23-05-1536x1289.jpg 1536w, https:\/\/www.emmerl.de\/bos\/wp-content\/uploads\/2023\/06\/AZ-10-23-05.jpg 2000w\" sizes=\"auto, (max-width: 300px) 100vw, 300px\" \/><\/a><\/p>\n<p>Der Alarmzusatz AZ-10 erweitert die Funktionalit\u00e4t Ihres Meldeempf\u00e4ngers um eine Vielzahl von Anwendungen.<\/p>\n<p>Bei der Entwicklung wurde besonderer Wert auf einfache und intuitive Bedienung gelegt.<\/p>\n<p>Stecken Sie den Alarmzusatz an das 230V Stromnetz, verbinden Sie ihn mit dem Ladeger\u00e4t in dem Ihr Melder steckt\u00a0und schon ist der AZ-10 einsatzbereit.<\/p>\n<p>&nbsp;<\/p>\n<p>&nbsp;<\/p>\n<h2>Anwendungsbeispiele:<\/h2>\n<ul>\n<li>Licht einschalten<\/li>\n<li><a href=\"https:\/\/www.emmerl.de\/bos\/wp-content\/uploads\/2023\/06\/AZ-10-23-01.jpg\" data-rel=\"lightbox-image-1\" data-rl_title=\"\" data-rl_caption=\"\" title=\"\"><img loading=\"lazy\" decoding=\"async\" class=\"alignright wp-image-2930 size-medium\" src=\"https:\/\/www.emmerl.de\/bos\/wp-content\/uploads\/2023\/06\/AZ-10-23-01-300x286.jpg\" alt=\"\" width=\"300\" height=\"286\" srcset=\"https:\/\/www.emmerl.de\/bos\/wp-content\/uploads\/2023\/06\/AZ-10-23-01-300x286.jpg 300w, https:\/\/www.emmerl.de\/bos\/wp-content\/uploads\/2023\/06\/AZ-10-23-01-1024x976.jpg 1024w, https:\/\/www.emmerl.de\/bos\/wp-content\/uploads\/2023\/06\/AZ-10-23-01-150x143.jpg 150w, https:\/\/www.emmerl.de\/bos\/wp-content\/uploads\/2023\/06\/AZ-10-23-01-768x732.jpg 768w, https:\/\/www.emmerl.de\/bos\/wp-content\/uploads\/2023\/06\/AZ-10-23-01-1536x1464.jpg 1536w, https:\/\/www.emmerl.de\/bos\/wp-content\/uploads\/2023\/06\/AZ-10-23-01.jpg 2000w\" sizes=\"auto, (max-width: 300px) 100vw, 300px\" \/><\/a>T\u00fcr\u00f6ffner bet\u00e4tigen<\/li>\n<li>Torsteuerung ausl\u00f6sen<\/li>\n<li>Alarmlautst\u00e4rke erh\u00f6hen<\/li>\n<li>Schranke \u00f6ffnen<\/li>\n<li>Alarmlampen einschalten<\/li>\n<li>PC starten<\/li>\n<li>Vorplatzbeleuchtung einschalten<\/li>\n<li>Verkehrsregelung \u00e4ndern (Ampelsteuerung)<\/li>\n<li>Zusatzsirene einschalten<\/li>\n<li>Funkaufzeichnung starten<\/li>\n<li>Absaugung aktivieren<\/li>\n<li>FMS-Aufzeichnung starten<\/li>\n<li>u.v.m.<\/li>\n<\/ul>\n<p>&nbsp;<\/p>\n<p>&nbsp;<\/p>\n<h2>Einsatz! Stellen Sie sich eine Alarmierung vor:<\/h2>\n<p>Mit unserem Alarmzusatz AZ-10 haben Sie eine noch lautere Alarmierung (regelbar). Automatisch schaltet sich das Hauslicht ein, \u00f6ffnet sich gleich das Gargentor, wird eine Schranke ge\u00f6ffnet\u00a0oder eine\u00a0Ampel umgeschaltet.<\/p>\n<p>Bei einem Einsatz muss es schnell gehen. In der Hektik des Geschehens steigt die Unfallgefahr. Mit unserem Alarmzusatz AZ-10 kommen Sie durch automatisierte Ma\u00dfnahmen sicher zum Einsatzort. Mit dem Alarmzusatz k\u00f6nnen Sie eine Vielzahl von Funktionen steuern, ohne dass Sie Elektronikkenntnisse haben m\u00fcssen. Die Bedienung ist sehr einfach und selbsterkl\u00e4rend.<\/p>\n<p>&nbsp;<\/p>\n<h2>Was passiert bei einem Alarm?<\/h2>\n<p>Ihr Meldeempf\u00e4nger muss sich im Ladeger\u00e4t befinden. Stecken Sie einfach den Stecker des Alarmzusatzes in die Zubeh\u00f6rbuchse Ihres Meldeempf\u00e4nger-Ladeger\u00e4tes und verbinden Sie beide Ger\u00e4te mit der 230V-Netzsteckdose. Die im Alarmzusatz eingebaute Steckdose schaltet dann bei Alarm f\u00fcr die gew\u00e4hlte Zeit ein. Hier k\u00f6nnen Sie verschiedenste 230V-Ger\u00e4te anstecken. Die Schaltzeit kann von Ihnen ab \u00bb1 Sekunde\u00ab bis \u00bbDauer\u00ab eingestellt werden. Die eingebaute Alarmpfeife ert\u00f6nt ebenfalls je nach eingestellter Lautst\u00e4rke und Zeiteinstellung. Alle Funktionen sind ein- bzw. ausschaltbar. F\u00fcr weitere Ansteuerungen befindet sich am Alarmzusatz noch eine 9-polige SUB-D-Buchse. An dieser k\u00f6nnen Sie externe Taster f\u00fcr \u00bbEIN\u00ab und \u00bbAUS\u00ab anschlie\u00dfen sowie einen zus\u00e4tzlichen potentialfreien Relaisausgang nutzen. Ihnen stehen also viele M\u00f6glichkeiten offen.<\/p>\n<p><a href=\"https:\/\/www.emmerl.de\/bos\/wp-content\/uploads\/2023\/06\/AZ-10-GR.jpg\" data-rel=\"lightbox-image-2\" data-rl_title=\"\" data-rl_caption=\"\" title=\"\"><img loading=\"lazy\" decoding=\"async\" class=\"alignleft wp-image-2941 size-full\" src=\"https:\/\/www.emmerl.de\/bos\/wp-content\/uploads\/2023\/06\/AZ-10-GR.jpg\" alt=\"\" width=\"1654\" height=\"1242\" srcset=\"https:\/\/www.emmerl.de\/bos\/wp-content\/uploads\/2023\/06\/AZ-10-GR.jpg 1654w, https:\/\/www.emmerl.de\/bos\/wp-content\/uploads\/2023\/06\/AZ-10-GR-300x225.jpg 300w, https:\/\/www.emmerl.de\/bos\/wp-content\/uploads\/2023\/06\/AZ-10-GR-1024x769.jpg 1024w, https:\/\/www.emmerl.de\/bos\/wp-content\/uploads\/2023\/06\/AZ-10-GR-150x113.jpg 150w, https:\/\/www.emmerl.de\/bos\/wp-content\/uploads\/2023\/06\/AZ-10-GR-768x577.jpg 768w, https:\/\/www.emmerl.de\/bos\/wp-content\/uploads\/2023\/06\/AZ-10-GR-1536x1153.jpg 1536w\" sizes=\"auto, (max-width: 1654px) 100vw, 1654px\" \/><\/a><\/p>\n\n<table id=\"wp-table-reloaded-id-6-no-1\" class=\"wp-table-reloaded wp-table-reloaded-id-6\">\n<tbody>\n\t<tr class=\"row-1 odd\">\n\t\t<td class=\"column-1\"><strong>Swissphone<\/strong><br \/>\r\n<\/td><td class=\"column-2\"><strong>Motorola<\/strong><\/td><td class=\"column-3\"><strong>Oelmann<\/strong><\/td><td class=\"column-4\"><strong>Airbus<\/strong><\/td>\n\t<\/tr>\n\t<tr class=\"row-2 even\">\n\t\t<td class=\"column-1\">digital und analog<\/td><td class=\"column-2\">digital und analog<\/td><td class=\"column-3\">digital<\/td><td class=\"column-4\">TETRA<\/td>\n\t<\/tr>\n\t<tr class=\"row-3 odd\">\n\t\t<td class=\"column-1\">s.QUAD<br \/>\r\n(alle Modelle)<br \/>\r\nDirekter Anschluss<br \/>\r\nohne Adapterkabel<br \/>\r\n<\/td><td class=\"column-2\">LX2<\/td><td class=\"column-3\">LX2 Synthesizer<\/td><td class=\"column-4\">P8GR<br \/>\r\n<\/td>\n\t<\/tr>\n\t<tr class=\"row-4 even\">\n\t\t<td class=\"column-1\">RES.Q<br \/>\r\n(alle Modelle)<br \/>\r\n<\/td><td class=\"column-2\">LX4<\/td><td class=\"column-3\">LX4 Synthesizer<\/td><td class=\"column-4\"><\/td>\n\t<\/tr>\n\t<tr class=\"row-5 odd\">\n\t\t<td class=\"column-1\">BOSS 9xx<br \/>\r\n(alle Modelle)<\/td><td class=\"column-2\">Firestorm II<br \/>\r\nFirestorm III<\/td><td class=\"column-3\"><\/td><td class=\"column-4\"><\/td>\n\t<\/tr>\n\t<tr class=\"row-6 even\">\n\t\t<td class=\"column-1\">Hurricane<br \/>\r\n(alle Modelle)<br \/>\r\n<\/td><td class=\"column-2\">Skyfire II<\/td><td class=\"column-3\"><strong>Bosch analog<\/strong><\/td><td class=\"column-4\"><strong>Motorola TETRA<\/strong><\/td>\n\t<\/tr>\n\t<tr class=\"row-7 odd\">\n\t\t<td class=\"column-1\">Patron<br \/>\r\n(alle Modelle)<br \/>\r\n<\/td><td class=\"column-2\">Skyfire 4S<br \/>\r\n(nur mit RL\/NF-Ladeger\u00e4t)<\/td><td class=\"column-3\">FME 88S<br \/>\r\n(nur mit RL\/NF-Ladeger\u00e4t)<\/td><td class=\"column-4\">Advisor<br \/>\r\nTPG2200<\/td>\n\t<\/tr>\n\t<tr class=\"row-8 even\">\n\t\t<td class=\"column-1\">Quattro 96-XLSi<br \/>\r\n(alle Modelle)<\/td><td class=\"column-2\"><\/td><td class=\"column-3\"><\/td><td class=\"column-4\"><\/td>\n\t<\/tr>\n<\/tbody>\n<\/table>\n\n<p>&nbsp;<\/p>\n<h3>Lieferumfang:<\/h3>\n<ul>\n<li>Alarmzusatz AZ-10<\/li>\n<li>Anschlusskabel 1,0m mit PS2-Stecker f\u00fcr s.QUAD-Ladeger\u00e4te<\/li>\n<li>230V-Netzkabel<\/li>\n<li>Bedienungsanleitung<\/li>\n<\/ul>\n<p>&nbsp;<\/p>\n<h3>Technische Daten:<\/h3>\n<ul>\n<li>Betriebsspannung: 230V AC<\/li>\n<li>Netzsicherung: 8A &#8211; Tr\u00e4ge<\/li>\n<li>Leistungsaufnahme (Standby): 3 Watt<\/li>\n<li>Max. Leistung an 230V Steckdose: 6 Ampere &#8211; 1.200 Watt<\/li>\n<li>Potentialfreier Relaiskontakt (Umschalter) &#8211; max.: 30V-2A<\/li>\n<li>Gewicht: 530g<\/li>\n<li>Abmessungen (BxHxT): 115x84x202 mm<\/li>\n<li>Artikelnummer: NTE1350<\/li>\n<\/ul>\n<p>&nbsp;<\/p>\n<h3>Weitere Infos zum Alarmzusatz:<\/h3>\n<p style=\"text-align: justify;\">Sie k\u00f6nnen den Alarmzusatz direkt an alle Swissphone s.QUAD-Ladeger\u00e4te anstecken. Falls Sie den AZ-10 an einem Ladeger\u00e4t mit 5-poliger DIN-Buchse verwenden m\u00f6chten, ben\u00f6tigen Sie hierf\u00fcr zus\u00e4tzlich das Adapterkabel NTE1357 (PS2-Kupplung auf 5-pol DIN Stecker).<\/p>\n<p>&nbsp;<\/p>\n<p><a title=\"Infoflyer Alarmzusatz AZ-10\" href=\"http:\/\/www.emmerl.de\/Formulare\/az10flyer.pdf\">Flyer<\/a><\/p>\n<p><a title=\"Bedienungsanleitung Alarmzusatz AZ-10\" href=\"http:\/\/www.emmerl.de\/Formulare\/az10bda-10.pdf\">Bedienungsanleitung ALT (bis 2022)<\/a><\/p>\n<p><a title=\"Bedienungsanleitung Alarmzusatz AZ-10\" href=\"http:\/\/www.emmerl.de\/Formulare\/az10bda-23.pdf\">Bedienungsanleitung aktuell (ab 2023)<\/a><\/p>\n<p><a title=\"Hier k\u00f6nnen Sie den Alarmzusatz bestellen\" href=\"https:\/\/www.emmerl.de\/shop\/de\/schnaeppchen\/alarmzusatz\">Bestellm\u00f6glichkeit<\/a><\/p>\n<p>&nbsp;<\/p>","protected":false},"excerpt":{"rendered":"<p>Der Alarmzusatz AZ-10 erweitert die Funktionalit\u00e4t Ihres Meldeempf\u00e4ngers um eine<a href=\"https:\/\/www.emmerl.de\/bos\/eigenentwicklungen\/alarmzusatz\"> <strong>&#8230;<\/strong> <\/a><\/p>\n","protected":false},"author":1,"featured_media":0,"parent":53,"menu_order":3,"comment_status":"open","ping_status":"closed","template":"","meta":{"_acf_changed":false,"footnotes":""},"class_list":["post-57","page","type-page","status-publish","hentry"],"acf":[],"_links":{"self":[{"href":"https:\/\/www.emmerl.de\/bos\/wp-json\/wp\/v2\/pages\/57","targetHints":{"allow":["GET"]}}],"collection":[{"href":"https:\/\/www.emmerl.de\/bos\/wp-json\/wp\/v2\/pages"}],"about":[{"href":"https:\/\/www.emmerl.de\/bos\/wp-json\/wp\/v2\/types\/page"}],"author":[{"embeddable":true,"href":"https:\/\/www.emmerl.de\/bos\/wp-json\/wp\/v2\/users\/1"}],"replies":[{"embeddable":true,"href":"https:\/\/www.emmerl.de\/bos\/wp-json\/wp\/v2\/comments?post=57"}],"version-history":[{"count":53,"href":"https:\/\/www.emmerl.de\/bos\/wp-json\/wp\/v2\/pages\/57\/revisions"}],"predecessor-version":[{"id":2943,"href":"https:\/\/www.emmerl.de\/bos\/wp-json\/wp\/v2\/pages\/57\/revisions\/2943"}],"up":[{"embeddable":true,"href":"https:\/\/www.emmerl.de\/bos\/wp-json\/wp\/v2\/pages\/53"}],"wp:attachment":[{"href":"https:\/\/www.emmerl.de\/bos\/wp-json\/wp\/v2\/media?parent=57"}],"curies":[{"name":"wp","href":"https:\/\/api.w.org\/{rel}","templated":true}]}}

<p><a href="https://www.emmerl.de/bos/wp-content/uploads/2023/06/AZ-10-23-05.jpg" data-rel="lightbox-image-0" data-rl_title="" data-rl_caption="" title=""><img loading="lazy" decoding="async" class="alignright wp-image-2931 size-medium" src="https://www.emmerl.de/bos/wp-content/uploads/2023/06/AZ-10-23-05-300x252.jpg" alt="" width="300" height="252" srcset="https://www.emmerl.de/bos/wp-content/uploads/2023/06/AZ-10-23-05-300x252.jpg 300w, https://www.emmerl.de/bos/wp-content/uploads/2023/06/AZ-10-23-05-1024x859.jpg 1024w, https://www.emmerl.de/bos/wp-content/uploads/2023/06/AZ-10-23-05-150x126.jpg 150w, https://www.emmerl.de/bos/wp-content/uploads/2023/06/AZ-10-23-05-768x644.jpg 768w, https://www.emmerl.de/bos/wp-content/uploads/2023/06/AZ-10-23-05-1536x1289.jpg 1536w, https://www.emmerl.de/bos/wp-content/uploads/2023/06/AZ-10-23-05.jpg 2000w" sizes="auto, (max-width: 300px) 100vw, 300px" /></a></p>
<p>Der Alarmzusatz AZ-10 erweitert die Funktionalität Ihres Meldeempfängers um eine Vielzahl von Anwendungen.</p>
<p>Bei der Entwicklung wurde besonderer Wert auf einfache und intuitive Bedienung gelegt.</p>
<p>Stecken Sie den Alarmzusatz an das 230V Stromnetz, verbinden Sie ihn mit dem Ladegerät in dem Ihr Melder steckt und schon ist der AZ-10 einsatzbereit.</p>
<p>&nbsp;</p>
<p>&nbsp;</p>
<h2>Anwendungsbeispiele:</h2>
<ul>
<li>Licht einschalten</li>
<li><a href="https://www.emmerl.de/bos/wp-content/uploads/2023/06/AZ-10-23-01.jpg" data-rel="lightbox-image-1" data-rl_title="" data-rl_caption="" title=""><img loading="lazy" decoding="async" class="alignright wp-image-2930 size-medium" src="https://www.emmerl.de/bos/wp-content/uploads/2023/06/AZ-10-23-01-300x286.jpg" alt="" width="300" height="286" srcset="https://www.emmerl.de/bos/wp-content/uploads/2023/06/AZ-10-23-01-300x286.jpg 300w, https://www.emmerl.de/bos/wp-content/uploads/2023/06/AZ-10-23-01-1024x976.jpg 1024w, https://www.emmerl.de/bos/wp-content/uploads/2023/06/AZ-10-23-01-150x143.jpg 150w, https://www.emmerl.de/bos/wp-content/uploads/2023/06/AZ-10-23-01-768x732.jpg 768w, https://www.emmerl.de/bos/wp-content/uploads/2023/06/AZ-10-23-01-1536x1464.jpg 1536w, https://www.emmerl.de/bos/wp-content/uploads/2023/06/AZ-10-23-01.jpg 2000w" sizes="auto, (max-width: 300px) 100vw, 300px" /></a>Türöffner betätigen</li>
<li>Torsteuerung auslösen</li>
<li>Alarmlautstärke erhöhen</li>
<li>Schranke öffnen</li>
<li>Alarmlampen einschalten</li>
<li>PC starten</li>
<li>Vorplatzbeleuchtung einschalten</li>
<li>Verkehrsregelung ändern (Ampelsteuerung)</li>
<li>Zusatzsirene einschalten</li>
<li>Funkaufzeichnung starten</li>
<li>Absaugung aktivieren</li>
<li>FMS-Aufzeichnung starten</li>
<li>u.v.m.</li>
</ul>
<p>&nbsp;</p>
<p>&nbsp;</p>
<h2>Einsatz! Stellen Sie sich eine Alarmierung vor:</h2>
<p>Mit unserem Alarmzusatz AZ-10 haben Sie eine noch lautere Alarmierung (regelbar). Automatisch schaltet sich das Hauslicht ein, öffnet sich gleich das Gargentor, wird eine Schranke geöffnet oder eine Ampel umgeschaltet.</p>
<p>Bei einem Einsatz muss es schnell gehen. In der Hektik des Geschehens steigt die Unfallgefahr. Mit unserem Alarmzusatz AZ-10 kommen Sie durch automatisierte Maßnahmen sicher zum Einsatzort. Mit dem Alarmzusatz können Sie eine Vielzahl von Funktionen steuern, ohne dass Sie Elektronikkenntnisse haben müssen. Die Bedienung ist sehr einfach und selbsterklärend.</p>
<p>&nbsp;</p>
<h2>Was passiert bei einem Alarm?</h2>
<p>Ihr Meldeempfänger muss sich im Ladegerät befinden. Stecken Sie einfach den Stecker des Alarmzusatzes in die Zubehörbuchse Ihres Meldeempfänger-Ladegerätes und verbinden Sie beide Geräte mit der 230V-Netzsteckdose. Die im Alarmzusatz eingebaute Steckdose schaltet dann bei Alarm für die gewählte Zeit ein. Hier können Sie verschiedenste 230V-Geräte anstecken. Die Schaltzeit kann von Ihnen ab »1 Sekunde« bis »Dauer« eingestellt werden. Die eingebaute Alarmpfeife ertönt ebenfalls je nach eingestellter Lautstärke und Zeiteinstellung. Alle Funktionen sind ein- bzw. ausschaltbar. Für weitere Ansteuerungen befindet sich am Alarmzusatz noch eine 9-polige SUB-D-Buchse. An dieser können Sie externe Taster für »EIN« und »AUS« anschließen sowie einen zusätzlichen potentialfreien Relaisausgang nutzen. Ihnen stehen also viele Möglichkeiten offen.</p>
<p><a href="https://www.emmerl.de/bos/wp-content/uploads/2023/06/AZ-10-GR.jpg" data-rel="lightbox-image-2" data-rl_title="" data-rl_caption="" title=""><img loading="lazy" decoding="async" class="alignleft wp-image-2941 size-full" src="https://www.emmerl.de/bos/wp-content/uploads/2023/06/AZ-10-GR.jpg" alt="" width="1654" height="1242" srcset="https://www.emmerl.de/bos/wp-content/uploads/2023/06/AZ-10-GR.jpg 1654w, https://www.emmerl.de/bos/wp-content/uploads/2023/06/AZ-10-GR-300x225.jpg 300w, https://www.emmerl.de/bos/wp-content/uploads/2023/06/AZ-10-GR-1024x769.jpg 1024w, https://www.emmerl.de/bos/wp-content/uploads/2023/06/AZ-10-GR-150x113.jpg 150w, https://www.emmerl.de/bos/wp-content/uploads/2023/06/AZ-10-GR-768x577.jpg 768w, https://www.emmerl.de/bos/wp-content/uploads/2023/06/AZ-10-GR-1536x1153.jpg 1536w" sizes="auto, (max-width: 1654px) 100vw, 1654px" /></a></p>

<table id="wp-table-reloaded-id-6-no-1" class="wp-table-reloaded wp-table-reloaded-id-6">
<tbody>
	<tr class="row-1 odd">
		<td class="column-1"><strong>Swissphone</strong><br />
</td><td class="column-2"><strong>Motorola</strong></td><td class="column-3"><strong>Oelmann</strong></td><td class="column-4"><strong>Airbus</strong></td>
	</tr>
	<tr class="row-2 even">
		<td class="column-1">digital und analog</td><td class="column-2">digital und analog</td><td class="column-3">digital</td><td class="column-4">TETRA</td>
	</tr>
	<tr class="row-3 odd">
		<td class="column-1">s.QUAD<br />
(alle Modelle)<br />
Direkter Anschluss<br />
ohne Adapterkabel<br />
</td><td class="column-2">LX2</td><td class="column-3">LX2 Synthesizer</td><td class="column-4">P8GR<br />
</td>
	</tr>
	<tr class="row-4 even">
		<td class="column-1">RES.Q<br />
(alle Modelle)<br />
</td><td class="column-2">LX4</td><td class="column-3">LX4 Synthesizer</td><td class="column-4"></td>
	</tr>
	<tr class="row-5 odd">
		<td class="column-1">BOSS 9xx<br />
(alle Modelle)</td><td class="column-2">Firestorm II<br />
Firestorm III</td><td class="column-3"></td><td class="column-4"></td>
	</tr>
	<tr class="row-6 even">
		<td class="column-1">Hurricane<br />
(alle Modelle)<br />
</td><td class="column-2">Skyfire II</td><td class="column-3"><strong>Bosch analog</strong></td><td class="column-4"><strong>Motorola TETRA</strong></td>
	</tr>
	<tr class="row-7 odd">
		<td class="column-1">Patron<br />
(alle Modelle)<br />
</td><td class="column-2">Skyfire 4S<br />
(nur mit RL/NF-Ladegerät)</td><td class="column-3">FME 88S<br />
(nur mit RL/NF-Ladegerät)</td><td class="column-4">Advisor<br />
TPG2200</td>
	</tr>
	<tr class="row-8 even">
		<td class="column-1">Quattro 96-XLSi<br />
(alle Modelle)</td><td class="column-2"></td><td class="column-3"></td><td class="column-4"></td>
	</tr>
</tbody>
</table>

<p>&nbsp;</p>
<h3>Lieferumfang:</h3>
<ul>
<li>Alarmzusatz AZ-10</li>
<li>Anschlusskabel 1,0m mit PS2-Stecker für s.QUAD-Ladegeräte</li>
<li>230V-Netzkabel</li>
<li>Bedienungsanleitung</li>
</ul>
<p>&nbsp;</p>
<h3>Technische Daten:</h3>
<ul>
<li>Betriebsspannung: 230V AC</li>
<li>Netzsicherung: 8A &#8211; Träge</li>
<li>Leistungsaufnahme (Standby): 3 Watt</li>
<li>Max. Leistung an 230V Steckdose: 6 Ampere &#8211; 1.200 Watt</li>
<li>Potentialfreier Relaiskontakt (Umschalter) &#8211; max.: 30V-2A</li>
<li>Gewicht: 530g</li>
<li>Abmessungen (BxHxT): 115x84x202 mm</li>
<li>Artikelnummer: NTE1350</li>
</ul>
<p>&nbsp;</p>
<h3>Weitere Infos zum Alarmzusatz:</h3>
<p style="text-align: justify;">Sie können den Alarmzusatz direkt an alle Swissphone s.QUAD-Ladegeräte anstecken. Falls Sie den AZ-10 an einem Ladegerät mit 5-poliger DIN-Buchse verwenden möchten, benötigen Sie hierfür zusätzlich das Adapterkabel NTE1357 (PS2-Kupplung auf 5-pol DIN Stecker).</p>
<p>&nbsp;</p>
<p><a title="Infoflyer Alarmzusatz AZ-10" href="http://www.emmerl.de/Formulare/az10flyer.pdf">Flyer</a></p>
<p><a title="Bedienungsanleitung Alarmzusatz AZ-10" href="http://www.emmerl.de/Formulare/az10bda-10.pdf">Bedienungsanleitung ALT (bis 2022)</a></p>
<p><a title="Bedienungsanleitung Alarmzusatz AZ-10" href="http://www.emmerl.de/Formulare/az10bda-23.pdf">Bedienungsanleitung aktuell (ab 2023)</a></p>
<p><a title="Hier können Sie den Alarmzusatz bestellen" href="https://www.emmerl.de/shop/de/schnaeppchen/alarmzusatz">Bestellmöglichkeit</a></p>
<p>&nbsp;</p>

<p>Der Alarmzusatz AZ-10 erweitert die Funktionalität Ihres Meldeempfängers um eine<a href="https://www.emmerl.de/bos/eigenentwicklungen/alarmzusatz"> <strong>&#8230;</strong> </a></p>
